 4. Let z be j(7). Suppose -4*g - 3*c + 4*c + 9 = 0, 3*g + 6 = 5*c. What is the units digit of (2 - (g - z))/1?
2
Let o(q) = -q**2 + 14*q. Let p = -17 - -2. Let g = p - -28. What is the units digit of o(g)?
3
Suppose -4*j = -4*k - k + 275, 5*j = 5*k - 275. What is the tens digit of k?
5
Suppose -2*j + 5 = -j, 5*f - j = -145. Suppose -h + b = -0*h - 68, h - 4*b - 59 = 0. Let v = h + f. What is the tens digit of v?
4
Let q be 481 + 1*(-4 - 0). Let w be q/2*4/6. Suppose -2*f + w = f. What is the units digit of f?
3
Let z(c) = c**3 - 4*c**2 + 5*c + 7. Suppose s = -s + 4. Let w = s - -3. What is the tens digit of z(w)?
5
Suppose -2*t = -2 - 2. Let c be 1692/16 - t/(-8). Suppose -4*w + c = -2*f, 29 = 3*w + f - 58. What is the units digit of w?
8
Suppose z - 108 = 7*z. What is the tens digit of ((-11)/(-3) - -1)*(z + 36)?
8
Let d(o) = 18*o - 4. Let u be d(4). Suppose -4*t - u = -3*t. Let r = 96 + t. What is the units digit of r?
8
Let q(l) = 18 + l**3 + 15*l**2 + 0*l**3 + 21*l - 26*l. What is the units digit of q(-15)?
3
Let p be 10/14 - 22/(-77). Suppose q = 15 + p. What is the units digit of 56/10 + q/40?
6
Let n be (-4)/(-6) - 256/(-12). Let s = -8 - -21. Let f = n - s. What is the units digit of f?
9
What is the hundreds digit of 208/((132/54)/11)?
9
Let p(v) = -v**3 - 9*v**2 - 17*v + 21. What is the units digit of p(-16)?
5
Let f = 2 - 0. Let l(t) = 2*t**2 + 3*t + 9. Let p be l(4). Suppose -f*b + p = -5. What is the tens digit of b?
2
Let p(d) = d. Suppose 3*y = 2 + 1. Let r(b) = -2*b + 6. Let s(k) = y*r(k) + p(k). What is the units digit of s(-9)?
5
Let m(g) = 136*g**3 - 8*g**2 + 10*g - 15. What is the hundreds digit of m(3)?
6
Suppose 25*y - 30*y + 1 = 2*i, -2*i + y + 31 = 0. What is the tens digit of i?
1
Suppose 6*n = 5*n + 6. What is the tens digit of n/(-3*1/(-15))?
3
Let b = -2609 + 4944. What is the tens digit of b?
3
Let u be 2/(-9) + (-1246)/63 + 2. What is the units digit of 300 - (2/9 + (-32)/u)?
8
Suppose 10*y + 34*y = 110396. What is the tens digit of y?
0
Let h(c) = -2*c - 7. Suppose 6*j - 5*j - 10 = 0. Let p be h(j). What is the tens digit of 9/(p/(-12)) - -29?
3
Let f = 130 - 161. Let a = 170 - f. What is the hundreds digit of a?
2
Suppose -25 = 5*a, -4*x + 319 = -3*a - 260. Let w = x - 59. What is the tens digit of w?
8
What is the units digit of (181*(-1)/(-3))/(6/54)?
3
Suppose 2*t = -c + 363, 3*c + 90 = t - 74. Let y = -38 + t. What is the units digit of y?
1
Let k(h) = h**3 - 7*h**2 + 14*h - 15. Let z be k(9). Suppose l = 5*q - 3*l - z, 5*l = -q + 43. What is the units digit of q?
3
Let f(w) = 5*w**2 + 22. Suppose -3 = 4*g - 35. What is the hundreds digit of f(g)?
3
Let x(a) = a**2 + 7*a - 309. What is the tens digit of x(-34)?
0
Let n be 27/9 + 0 + 412. Suppose j - 140 = 2*h, h + 312 + n = 5*j. What is the hundreds digit of j?
1
Let c(o) = -12*o - 3. Let h be c(-3). Suppose 0 = 3*b - 105 + h. What is the units digit of b?
4
Suppose 322*g - 323*g = -2199. What is the units digit of g?
9
Suppose -320 + 44 = s + u, -4*s - 2*u = 1100. Let x = s - -400. What is the tens digit of x?
2
Let m(b) = 3 + 3 + b - 5256*b**2 + 5257*b**2. Let d = -8 + 14. What is the units digit of m(d)?
8
Suppose -3*q + 78 = -2*u + 8494, 0 = u + 4*q - 4186. What is the tens digit of u?
0
Let o = 22 - 45. Let u be -1 + -2 + (4 - (-2 + 7)). Let w = u - o. What is the tens digit of w?
1
Suppose -34*l + 155210 = 51*l. What is the tens digit of l?
2
Suppose l + 3 = -29. What is the hundreds digit of ((-1)/(-4))/(l/(-34688))?
2
What is the thousands digit of ((-52248)/196)/((-12)/56)?
1
Suppose 0 = 3*h - 19 + 37. What is the tens digit of (-678)/(-9) - (-2)/h?
7
Let y = 20 + -17. Suppose -27 + y = -6*j. Suppose 2*u - 50 = 3*t, j*t = -2*u + t + 50. What is the units digit of u?
5
Suppose 6*f - 4*f = 156. Let d = f - 56. Suppose b = -d + 42. What is the units digit of b?
0
Let p(f) = f**2 + 3*f - 4. Let c be p(-10). Let g = 9 + c. Suppose 4*j - g = -j. What is the tens digit of j?
1
Let a(b) be the first derivative of b**4/4 - 11*b**3/3 + 7*b**2/2 - 8. Let d be a(10). Let c = 50 + d. What is the tens digit of c?
2
Suppose 3*r - 8*r = -9450. What is the units digit of r?
0
Suppose 0 = 5*w - 0*w. Suppose w - 32 = -4*d. Let u = 21 + d. What is the units digit of u?
9
Let x(n) = -3*n + 4*n + 0 - 7 + 0*n. Let g be x(3). What is the units digit of (g/(-6))/((-4)/(-18))?
3
Let x(c) = -2*c**3 - 4*c**2 - 6*c + 6. Let b be x(-5). What is the hundreds digit of 4*5/(15/b)?
2
Let r = 2 + 5. Suppose -r*t + 593 = -1045. What is the units digit of t?
4
Let i(g) = 92*g**2 - 5 + 3*g + 3*g**3 - 2*g**3 - 85*g**2 + g. Let k be ((-20)/(-12))/((-1)/3). What is the tens digit of i(k)?
2
Suppose -w + 4*j = -17, -5*w - 7 = -3*j - 41. What is the tens digit of (-246)/(-21) - w/(105/(-6))?
1
Let s be -2 - 27/(-12) - (-520)/(-32). Let n(b) be the third derivative of -b**5/60 - 19*b**4/24 + b**3/2 - b**2. What is the units digit of n(s)?
1
Let w = 10 + -7. Let b = 831 + -688. Suppose w*g - 5*s - b = -0*s, 2*g - 96 = 4*s. What is the units digit of g?
6
Suppose 0 = k - 2*k - 7*k. Suppose -18*t + 12*t + 648 = k. What is the hundreds digit of t?
1
Let b(w) = -11*w + 544. What is the tens digit of b(18)?
4
Let o(j) = 4*j + 58. Let a be o(-13). Suppose a*w = -12 + 42. What is the units digit of w?
5
Let q(w) = -9*w + 7 + 7*w + 38*w**2 - 9. What is the hundreds digit of q(-2)?
1
Let a(h) = h**3 + 11*h**2 + 9*h - 2. Let j be a(-10). Suppose -j*z = -10*z + 172. What is the tens digit of z?
8
Suppose -8*k = -15*k + 6139. What is the units digit of k?
7
Let u = -4985 + 7250. What is the units digit of u?
5
Let t(k) = 20*k**3 + 4*k**2 - 9*k - 15. What is the hundreds digit of t(3)?
5
Suppose -72*u + 84711 = -21*u. What is the hundreds digit of u?
6
Suppose -2 = 3*t + r - 1, 2*r = -t - 2. Suppose t = 2*j + 2*j. Suppose -6*k + 71 + 247 = j. What is the units digit of k?
3
Let c(g) = -g - 5*g**2 + 5*g**2 + 2*g**2 - g**2 + 298. What is the units digit of c(0)?
8
Let a(l) = -l**3 + 4*l + 1. Let f be a(-3). Let w(t) be the first derivative of t**2 + 5*t - 58. What is the units digit of w(f)?
7
Let v = 8 - 24. Let c = 19 + v. Suppose -4*a = c*w - 330, a = w - 6*w + 74. What is the units digit of a?
4
Let p(i) = -2*i**3 - i**2 - 2*i. Let v be p(-3). Let d(w) = -3*w**3 - 19*w**2 - 5*w + 2. Let n be d(-6). What is the units digit of (-4)/(n/v) - 0?
1
Suppose 0 = -5*b + 146 + 64. Let l = 52 - b. What is the units digit of l?
0
Let c be 6*((-21)/(-6))/7. Suppose c*i + 7 + 2 = 0. What is the units digit of ((-2)/i)/(4/6)?
1
Suppose 1882*i - 4354 = 1875*i. What is the units digit of i?
2
Let w be (600/80)/(6/(-8)). Suppose 0 + 8 = -4*v. What is the units digit of 4 + 135/(w/v)?
1
Let w = 1465 + -760. What is the tens digit of w?
0
Suppose -5*n - 4*m - 8 = 0, -3*n + 5*m = 2*n - 10. Suppose -2*r + 2 = -n*r, u + r - 5 = 0. What is the units digit of 1/((-1)/(-20)*u)?
5
What is the units digit of 3619 - 21/((-105)/(-10))?
7
Let y be ((-6)/(-5))/((-4)/(-30)). Let u(q) = -q**3 + 8*q**2 + 7*q - 14. Let j be u(y). Let h = j - -52. What is the tens digit of h?
2
Suppose -2*l + 1570 = 3*n, -33*l + 28*l + 5*n = -3925. What is the hundreds digit of l?
7
Suppose k + 16 = 3*k - 5*n, 3*n + 12 = 2*k. Let g(t) = t**3 - t**2 - 1. Let p(v) = 3*v**3 - 7. Let z(r) = -4*g(r) + p(r). What is the units digit of z(k)?
6
Let p(o) = 57*o + 177. What is the tens digit of p(11)?
0
Let d = 5 + -25. Let s = d - 5. Let b = 70 + s. What is the tens digit of b?
4
Let b be (-4186)/(-12) - (-2)/12. Suppose -2*f - 2*z + b = -3*z, 2*f - 347 = -z. What is the tens digit of f?
7
Suppose 6*g - 104 = -7*g. Suppose 188 = g*t - 6*t. What is the units digit of t?
4
What is the hundreds digit of 28536/11 + 18/297*-3?
5
Let t(a) = -900*a - 9. Let u be t(2). What is the tens digit of (1/3)/((-9)/u) + 1?
6
Suppose -2*i - 2 = 0, -5*a - 5*i = -6506 - 12339. What is the hundreds digit of a?
7
Let h(q) = -1777*q - q**2 - 8 - 2*q**2 + 1774*q - q**3. What is the tens digit of h(-6)?
1
What is the hundreds digit of ((-172564)/(-392) + (-2)/(-7))*2?
8
What is the tens digit of 16/(((-24)/168)/((-3)/1))?
3
Suppose 11*h + 2669 = 10864. What is the tens digit of h?
4
Let n(l) = -3 + 5*l**2 - 4*l**2 + 0*l**2 + 2*l - 2*l**2. Let k be n(2). What is the tens digit of 0 - -